{"id":6,"date":"2014-12-22T18:33:57","date_gmt":"2014-12-22T17:33:57","guid":{"rendered":"http:\/\/www.arif-hamburg.net\/?page_id=6"},"modified":"2018-06-01T12:27:18","modified_gmt":"2018-06-01T10:27:18","slug":"partner","status":"publish","type":"page","link":"https:\/\/www.arif-hamburg.net\/?page_id=6","title":{"rendered":"Partner"},"content":{"rendered":"<div class=\"row\"> <div class=\"col-md-4\">\n<h2><a href=\"http:\/\/www.dlr.de\"><img loading=\"lazy\" class=\" wp-image-347 alignnone\" src=\"http:\/\/www.arif-hamburg.net\/wp-content\/uploads\/2015\/05\/dlr_logo-1024x223.jpg\" alt=\"dlr_logo\" width=\"308\" height=\"67\" srcset=\"https:\/\/www.arif-hamburg.net\/wp-content\/uploads\/2015\/05\/dlr_logo-1024x223.jpg 1024w, https:\/\/www.arif-hamburg.net\/wp-content\/uploads\/2015\/05\/dlr_logo-300x65.jpg 300w, https:\/\/www.arif-hamburg.net\/wp-content\/uploads\/2015\/05\/dlr_logo.jpg 1691w\" sizes=\"(max-width: 308px) 100vw, 308px\" \/><\/a><\/h2>\n<\/div><div class=\"col-md-8\">\n<h2 style=\"text-align: left;\">Deutsches Zentrum f\u00fcr Luft- und Raumfahrt (DLR)<\/h2>\n<p style=\"text-align: justify;\">Das DLR ist das nationale Forschungszentrum der Bundesrepublik Deutschland f\u00fcr Luft- und Raumfahrt. Seine umfangreichen Forschungs- und Entwicklungsarbeiten in Luftfahrt, Raumfahrt, Energie, Verkehr und Sicherheit sind in nationale und internationale Kooperationen eingebunden. \u00dcber die eigene Forschung hinaus ist das DLR als Raumfahrt-Agentur im Auftrag der Bundesregierung f\u00fcr die Planung und Umsetzung der deutschen Raumfahrtaktivit\u00e4ten zust\u00e4ndig. Zudem fungiert das DLR als Dachorganisation f\u00fcr den national gr\u00f6\u00dften Projekttr\u00e4ger.<\/p>\n<p style=\"text-align: justify;\">In den 16 Standorten K\u00f6ln (Sitz des Vorstands), Augsburg, Berlin, Bonn, Braunschweig, Bremen, G\u00f6ttingen, Hamburg, J\u00fclich, Lampoldshausen, Neustrelitz, Oberpfaffenhofen, Stade, Stuttgart, Trauen und Weilheim besch\u00e4ftigt das DLR circa 8.000 Mitarbeiterinnen und Mitarbeiter. Das DLR unterh\u00e4lt B\u00fcros in Br\u00fcssel, Paris, Tokio und Washington D.C.<\/p>\n<p style=\"text-align: justify;\">Die Mission des DLR umfasst die Erforschung von Erde und Sonnensystem und die Forschung f\u00fcr den Erhalt der Umwelt. Dazu z\u00e4hlt die Entwicklung umweltvertr\u00e4glicher Technologien f\u00fcr die Energieversorgung und die Mobilit\u00e4t von morgen sowie f\u00fcr Kommunikation und Sicherheit. Das Forschungsportfolio des DLR reicht von der Grundlagenforschung bis zur Entwicklung von Produkten f\u00fcr morgen. So tr\u00e4gt das im DLR gewonnene wissenschaftliche und technische Know-how zur St\u00e4rkung des Industrie- und Technologiestandorts Deutschland bei. Das DLR betreibt Gro\u00dfforschungsanlagen f\u00fcr eigene Projekte sowie als Dienstleistung f\u00fcr Kunden und Partner. Dar\u00fcber hinaus f\u00f6rdert das DLR den wissenschaftlichen Nachwuchs, betreibt kompetente Politikberatung und ist eine treibende Kraft in den Regionen seiner Standorte.<\/p>\n<p><a href=\"http:\/\/www.dlr.de\">www.dlr.de<\/a><br \/>\n<a href=\"http:\/\/www.dlr.de\/fl\/\">www.dlr.de\/fl\/<\/a><\/p>\n<p style=\"text-align: left;\"><\/div><\/div>\n<hr \/>\n<div class=\"row\"> <div class=\"col-md-4\">\n<h2><img loading=\"lazy\" class=\"wp-image-537 size-medium alignnone\" src=\"http:\/\/www.arif-hamburg.net\/wp-content\/uploads\/2018\/06\/DFSLOGO-300x129.png\" alt=\"\" width=\"300\" height=\"129\" srcset=\"https:\/\/www.arif-hamburg.net\/wp-content\/uploads\/2018\/06\/DFSLOGO-300x129.png 300w, https:\/\/www.arif-hamburg.net\/wp-content\/uploads\/2018\/06\/DFSLOGO.png 672w\" sizes=\"(max-width: 300px) 100vw, 300px\" \/><\/h2>\n<\/div><div class=\"col-md-8\">\n<h2>DFS Deutsche Flugsicherung GmbH (DFS)<\/h2>\n<p style=\"text-align: justify;\">Die DFS Deutsche Flugsicherung GmbH mit Sitz im hessischen Langen ist f\u00fcr die Flugverkehrskontrolle in Deutschland zust\u00e4ndig. Sie ist ein privatrechtlich organisiertes Unternehmen, das zu 100 Prozent dem Bund geh\u00f6rt. Das Unternehmen wurde im Januar 1993 gegr\u00fcndet und l\u00f6ste damit die \u00fcber\u00f6rtliche milit\u00e4rische Flugsicherung (\u00fcMilFS) und die Bundesanstalt f\u00fcr Flugsicherung (BFS) als Instanz der Kontrolle des zivilen und milit\u00e4rischen Flugverkehrs in Deutschland ab.<\/p>\n<p style=\"text-align: justify;\">Insgesamt ist die DFS bundesweit an 16 internationalen Flugh\u00e4fen und \u00fcber die Tochterfirma The Tower Company an neun Regionalflugh\u00e4fen vertreten, wobei die Flugsicherung in den Towern und Kontrollzentralen zum Kerngesch\u00e4ft geh\u00f6rt.<\/p>\n<p><a href=\"http:\/\/www.dfs.de\">www.dfs.de<\/a><\/p>\n<\/div><\/div>\n<hr \/>\n<div class=\"row\"> <div class=\"col-md-4\">\n<p><a href=\"http:\/\/www.hamburg-airport.de\"><img loading=\"lazy\" class=\"wp-image-266 alignnone\" src=\"http:\/\/www.arif-hamburg.net\/wp-content\/uploads\/2015\/05\/HamburgAirport-4c.jpg\" alt=\"HamburgAirport 4c\" width=\"275\" height=\"112\" srcset=\"https:\/\/www.arif-hamburg.net\/wp-content\/uploads\/2015\/05\/HamburgAirport-4c.jpg 687w, https:\/\/www.arif-hamburg.net\/wp-content\/uploads\/2015\/05\/HamburgAirport-4c-300x122.jpg 300w\" sizes=\"(max-width: 275px) 100vw, 275px\" \/><\/a><\/p>\n<\/div><div class=\"col-md-8\">\n<h2>Flughafen Hamburg GmbH (FHG)<\/h2>\n<p style=\"text-align: justify;\">Hamburg Airport z\u00e4hlt j\u00e4hrlich 14,76 Millionen Flugg\u00e4ste. Mehr als 150.000 Starts und Landungen finden hier pro Jahr statt. Die Passagiere k\u00f6nnen aus einem weit verzweigten Streckennetz w\u00e4hlen: 120 nationale und internationale Ziele fliegen die 60 Airlines ab Hamburg an. Rund 15.000 Besch\u00e4ftigte sind in fast 250 Firmen auf dem Flughafen-Gel\u00e4nde t\u00e4tig (Flughafengruppe: 1.841). Gesellschafter des teilprivatisierten Flughafens sind die Freie und Hansestadt Hamburg mit 51 Prozent sowie AviAlliance GmbH mit 49 Prozent.<\/p>\n<p><a href=\"http:\/\/www.hamburg-airport.de\">http:\/\/www.hamburg-airport.de<\/a><\/p>\n<\/div><\/div>\n","protected":false},"excerpt":{"rendered":"","protected":false},"author":1,"featured_media":0,"parent":0,"menu_order":0,"comment_status":"closed","ping_status":"closed","template":"page-fullwidth.php","meta":[],"_links":{"self":[{"href":"https:\/\/www.arif-hamburg.net\/index.php?rest_route=\/wp\/v2\/pages\/6"}],"collection":[{"href":"https:\/\/www.arif-hamburg.net\/index.php?rest_route=\/wp\/v2\/pages"}],"about":[{"href":"https:\/\/www.arif-hamburg.net\/index.php?rest_route=\/wp\/v2\/types\/page"}],"author":[{"embeddable":true,"href":"https:\/\/www.arif-hamburg.net\/index.php?rest_route=\/wp\/v2\/users\/1"}],"replies":[{"embeddable":true,"href":"https:\/\/www.arif-hamburg.net\/index.php?rest_route=%2Fwp%2Fv2%2Fcomments&post=6"}],"version-history":[{"count":40,"href":"https:\/\/www.arif-hamburg.net\/index.php?rest_route=\/wp\/v2\/pages\/6\/revisions"}],"predecessor-version":[{"id":545,"href":"https:\/\/www.arif-hamburg.net\/index.php?rest_route=\/wp\/v2\/pages\/6\/revisions\/545"}],"wp:attachment":[{"href":"https:\/\/www.arif-hamburg.net\/index.php?rest_route=%2Fwp%2Fv2%2Fmedia&parent=6"}],"curies":[{"name":"wp","href":"https:\/\/api.w.org\/{rel}","templated":true}]}}