{"id":303,"date":"2015-05-19T16:16:34","date_gmt":"2015-05-19T14:16:34","guid":{"rendered":"http:\/\/www.arif-hamburg.net\/?page_id=303"},"modified":"2018-05-31T09:40:22","modified_gmt":"2018-05-31T07:40:22","slug":"wff","status":"publish","type":"page","link":"https:\/\/www.arif-hamburg.net\/?page_id=303","title":{"rendered":"WFF"},"content":{"rendered":"<h2>Wettbewerbsf\u00e4higer Flughafen (WFF)<\/h2>\n<p>Aufbauend auf den Arbeiten im Projekt CARMA wurde die Thematik des Fahrzeugmanagements im Projekt Wettbewerbsf\u00e4higer Flughafen \u2013 WFF\u00a0 (2008-2010) weitergef\u00fchrt. F\u00fcr den Einsatz der Gep\u00e4ckfahrzeuge wurden die grundlegenden Konzepte beibehalten, die Systeme jedoch entsprechend weiterentwickelt. Zehn Gep\u00e4ckfahrzeuge wurden mit einem Onboard System ausger\u00fcstet und nahmen an mehreren Versuchsfahrten teil. Die Infrastruktur der ARIF diente wie bereits im Projekt CARMA als Bindeglied zwischen den operationellen Systemen, die die Daten zur Verf\u00fcgung stellen und den Forschungsentwicklungen, die die Daten verarbeiten und nutzten.<\/p>\n<p>Das Bodensystem, welches \u00fcber Datenlink Auftr\u00e4ge an die Gep\u00e4ckfahrzeuge versendete, wurde mit Unterst\u00fctzung des Groundhandlers Groundstars direkt in der Einsatzzentrale des Groundhandlers aufgebaut. Hierbei wurden die M\u00f6glichkeiten am Hamburger Flughafen genutzt, Schnittstellen zum Forschungsnetzwerk in verschiedenen Bereichen am Flughafen bereitzustellen und diese in Forschungsprojekte zu integrieren.<\/p>\n\n<table id=\"tablepress-2\" class=\"tablepress tablepress-id-2\">\n<tbody>\n<tr class=\"row-1\">\n\t<td class=\"column-1\"><a href=\"http:\/\/www.arif-hamburg.net\/wp-content\/uploads\/2015\/05\/P1030766_red1.jpg\"><img src=\"http:\/\/www.arif-hamburg.net\/wp-content\/uploads\/2015\/05\/P1030766_red1-1024x626.jpg\" alt=\"P1030766_red\" width=\"100%\" height=\"100%\" class=\"alignleft size-large wp-image-312\" \/><\/a><\/td><td class=\"column-2\"><a href=\"http:\/\/www.arif-hamburg.net\/wp-content\/uploads\/2015\/05\/onboard11.jpg\"><img src=\"http:\/\/www.arif-hamburg.net\/wp-content\/uploads\/2015\/05\/onboard11.jpg\" alt=\"onboard1\" width=\"100%\" height=\"100%\" class=\"alignleft size-full wp-image-305\" \/><\/a><\/td>\n<\/tr>\n<\/tbody>\n<\/table>\n<!-- #tablepress-2 from cache -->\n<p>Durch diese Vorgehensweise konnte ein direkter Vergleich zwischen operationellen und Forschungssystemen hergestellt werden und ein unmittelbarer Meinungsaustausch mit den Operateuren erfolgen.<\/p>\n","protected":false},"excerpt":{"rendered":"<p>Wettbewerbsf\u00e4higer Flughafen (WFF) Aufbauend auf den Arbeiten im Projekt CARMA wurde die Thematik des Fahrzeugmanagements im Projekt Wettbewerbsf\u00e4higer Flughafen \u2013 WFF\u00a0 (2008-2010) weitergef\u00fchrt. F\u00fcr den Einsatz der Gep\u00e4ckfahrzeuge wurden die grundlegenden Konzepte beibehalten, die Systeme jedoch entsprechend weiterentwickelt. Zehn Gep\u00e4ckfahrzeuge &hellip; <a href=\"https:\/\/www.arif-hamburg.net\/?page_id=303\">Weiter<\/a><\/p>\n","protected":false},"author":1,"featured_media":0,"parent":66,"menu_order":2,"comment_status":"closed","ping_status":"closed","template":"page-fullwidth.php","meta":[],"_links":{"self":[{"href":"https:\/\/www.arif-hamburg.net\/index.php?rest_route=\/wp\/v2\/pages\/303"}],"collection":[{"href":"https:\/\/www.arif-hamburg.net\/index.php?rest_route=\/wp\/v2\/pages"}],"about":[{"href":"https:\/\/www.arif-hamburg.net\/index.php?rest_route=\/wp\/v2\/types\/page"}],"author":[{"embeddable":true,"href":"https:\/\/www.arif-hamburg.net\/index.php?rest_route=\/wp\/v2\/users\/1"}],"replies":[{"embeddable":true,"href":"https:\/\/www.arif-hamburg.net\/index.php?rest_route=%2Fwp%2Fv2%2Fcomments&post=303"}],"version-history":[{"count":2,"href":"https:\/\/www.arif-hamburg.net\/index.php?rest_route=\/wp\/v2\/pages\/303\/revisions"}],"predecessor-version":[{"id":310,"href":"https:\/\/www.arif-hamburg.net\/index.php?rest_route=\/wp\/v2\/pages\/303\/revisions\/310"}],"up":[{"embeddable":true,"href":"https:\/\/www.arif-hamburg.net\/index.php?rest_route=\/wp\/v2\/pages\/66"}],"wp:attachment":[{"href":"https:\/\/www.arif-hamburg.net\/index.php?rest_route=%2Fwp%2Fv2%2Fmedia&parent=303"}],"curies":[{"name":"wp","href":"https:\/\/api.w.org\/{rel}","templated":true}]}}